 + 151 - h = 0. List the prime factors of d.
2, 5
Suppose 0 = -6*i + 7*i + v, 5*v = 5. Let p(c) = -c**2 - 3*c - 2. Let a be p(i). Suppose 4*k - 118 - 136 = -2*y, -2*y + 2 = a. What are the prime factors of k?
3, 7
Let j(w) = w**2 + 10*w + 25. Let k be 0 - 1 - 638/(-11). Let o = 44 - k. List the prime factors of j(o).
2
Suppose 27339 - 10486 = 19*s. What are the prime factors of (s/4)/((18/(-8))/(-9))?
887
Let j be -2*1 - (-7364 - -37). Suppose -12*g = 13*g - j. List the prime factors of g.
293
Let p = -84 - -84. Suppose p = 2*l - 1 - 463. What are the prime factors of l?
2, 29
Let t(f) = 386*f**2 - 115*f + 9. What are the prime factors of t(5)?
2, 3, 757
Suppose -2 = 1007*k - 1008*k. Suppose -k*q - 291 = -1539. What are the prime factors of q?
2, 3, 13
Let k(g) = -16 + 39 - 22 - 6*g**2 + 35*g**3 + 12*g**2 - 8*g. List the prime factors of k(3).
2, 61
Suppose 47542 = 4*n + 3*h, 0 = -399*n + 396*n - 4*h + 35653. What are the prime factors of n?
11887
Suppose -6*f + 2 = -10. Let y be (f/(-4))/((-1)/26)*1. Suppose -y = -w + 5. What are the prime factors of w?
2, 3
Let a be (-6)/(-84)*-4 - (-6080)/14. Let o = -308 + a. What are the prime factors of o?
2, 3, 7
Let u(v) = -261*v - 2647. List the prime factors of u(-23).
2, 839
Let a(c) = 46*c**2 - 2*c + 14. Let x be a(-5). Suppose -5290 = -7*d - x. List the prime factors of d.
2, 3, 7
Suppose 0 = 5*t + 35, 3*t - 3102 = 2*p - 33991. What are the prime factors of p?
2, 7717
Let p(h) = h**3 + 6*h**2 + 32*h - 42. Suppose -21*y = -103 - 107. What are the prime factors of p(y)?
2, 3, 313
Let r = 1049 - 643. Suppose r = 7*t - 1575. List the prime factors of t.
283
What are the prime factors of (-6836)/(-4) + 0/(-34)?
1709
Let l(o) = 3*o**2 - 21*o - 1. Let n be (18/4)/((-4)/(-48)*6). Let i be l(n). Let w = i - -111. What are the prime factors of w?
2, 41
Suppose -i = -n - 3, 3*i = 4*n + 2*i + 3. Suppose n = 11*k + 2 - 2. Suppose 4*r - 5*l - 481 = 0, 3*l + 3 = -k. List the prime factors of r.
7, 17
Let g(r) = -2*r**3 - 1. Let x(h) = 14*h**3 + 8*h**2 + 11*h + 9. Let o(m) = -2*g(m) - x(m). What are the prime factors of o(-5)?
2, 3, 61
Let c(f) = 57*f**2 - 43*f + 113. List the prime factors of c(10).
7, 769
What are the prime factors of ((-834)/(-36) - (-2)/(-3))/((-9)/(-6180))?
2, 3, 5, 103
Let h = 9788 + 8394. Suppose -130 = 7*n + h. List the prime factors of ((-4)/(-6))/(2 - n/(-1314)).
73
What are the prime factors of (-84)/(-105) - (-517608)/15?
2, 8627
What are the prime factors of (-880040)/(-30) - 128/(-96)?
2, 19, 193
Let q = 14224 + -7617. List the prime factors of q.
6607
Let j be 9/36 - 61/4. Let i be (14 + j)/(1/(-22)). Suppose 6*h - i - 32 = 0. List the prime factors of h.
3
Suppose 2382 = 2*i - 227 - 3091. What are the prime factors of i?
2, 3, 5, 19
Let d be (-4734 - 8)/(2/(-2)). Suppose -d = -13*v + 1082. List the prime factors of v.
2, 7
Suppose -7*x + 18*x - 22 = 0. Let y be -8 - (-2 - 0)*-1. List the prime factors of (-6096)/(-60) - x*(-3)/y.
101
Let r(s) = 2 + 20*s - 122*s - 106*s. What are the prime factors of r(-2)?
2, 11, 19
Let n(b) = -65*b - 3. Let m be n(-2). Suppose -1 = t, -4*h + 0*t + m = t. Let a = 75 - h. List the prime factors of a.
43
Let y(l) = l**3 + 10*l - 38. List the prime factors of y(5).
137
Suppose 44 + 112 = -6*c. Let p(m) = 50 + 2*m - 4*m - 38 + 58. List the prime factors of p(c).
2, 61
Suppose -2*c = -5*c + 4*n + 52, -3*n + 15 = 0. Suppose -2*d + c = 252. List the prime factors of ((-266)/(-57))/((-4)/d).
7, 19
Suppose 9*r = 13*r - 2*u - 3508, 4*r = -6*u + 3540. List the prime factors of r.
3, 293
Suppose -5*j = -5*r - 3460, 5*r - 7 = -j + 703. Suppose 2*f - 3*q + 3543 = 7*f, 4*q = -f + j. What are the prime factors of f?
3, 79
Let m(k) = -32*k + 12. Let g = 72 - 92. What are the prime factors of m(g)?
2, 163
Suppose -4*d = 4*k - 156, -102 = -5*k + 3*k + 4*d. Suppose -l = 103 + k. Let q = -59 - l. What are the prime factors of q?
3, 29
Suppose 12*i - 11*i = 4. Suppose -i*c - 3*u + 1664 = 0, -2*u = u. List the prime factors of c.
2, 13
What are the prime factors of -2*(-120068)/12 + 30/45?
2, 5003
Let s be 6/2 + (-8)/(-4 + 0). Suppose 0 = 3*m + 5*b + 1, s*m + 5*b = 2 + 3. Suppose 502 = m*r + 67. What are the prime factors of r?
5, 29
Suppose 3*v - 4*q - 560 = -177, 254 = 2*v - 4*q. Let i = v + -126. Suppose 4*j = 2*b + 750 + 188, -b - 706 = -i*j. What are the prime factors of j?
3, 79
Suppose 3423 = -6*s + 9*s. Suppose -5*j + 1124 = -s. List the prime factors of j.
3, 151
Let c(r) = -331*r**3 - 306*r**3 - 14 - r**2 + 14 - r. Let b be c(-1). Suppose 0 = 6*p - b - 911. List the prime factors of p.
2, 3, 43
Let o = 104 + -99. Suppose -o*y + 2*g + 12 = -0, 4*y + 3*g = 28. Suppose -y*n + 1127 = 87. What are the prime factors of n?
2, 5, 13
Let l = 19552 + -11686. List the prime factors of l.
2, 3, 19, 23
Let m(t) = 12*t. Let u be m(4). Let v(x) = -x**2 + 124*x - 2028. Let i be v(20). Suppose -u*c + i*c = 196. What are the prime factors of c?
7
Let l = 57000 + -22234. List the prime factors of l.
2, 17383
Let s(g) = -g**3 - 7*g**2 + 328*g - 199. List the prime factors of s(-24).
1721
Suppose 74*x - 158624 = 290906 + 135070. List the prime factors of x.
2, 5, 79
Let z = 147682 - 102885. List the prime factors of z.
44797
Let w = -26606 + 45011. What are the prime factors of w?
3, 5, 409
Suppose 4*l = -2*v + 1084, 0 = v - 6*v + 20. Let i = 596 + -425. Let q = l - i. List the prime factors of q.
2, 7
Let i be 32/20*(-125)/2 - -2. Let n = i - -120. List the prime factors of n.
2, 11
Let l(h) = 3*h - 3. Let m be l(2). Let r = -2 + 4. Suppose 2*j = r*o + 42, m*o + 16 = -o. What are the prime factors of j?
17
Suppose -1169 = -3*h - d - 49, d - 372 = -h. Let w be h + (-4)/(-12) + (-7)/3. Suppose -3*a - 3*a = -w. List the prime factors of a.
2, 31
Suppose -16*y + y = -96555. Suppose -11*n = -6*n - 2*w - y, w + 3863 = 3*n. List the prime factors of n.
1289
Let p = 9199 + -6301. List the prime factors of p.
2, 3, 7, 23
Let w = 1661 + -881. Suppose w = -5*q + 6130. Suppose 0*b + q = 10*b. What are the prime factors of b?
107
Suppose -166 = 5*c - 241. List the prime factors of (3 + (-50)/c)/(5/(-2685)).
179
Let h = 258 - -100. Suppose 0 = -8*v + h + 850. List the prime factors of v.
151
Let j(y) = -484*y + 3209. What are the prime factors of j(-19)?
3, 5, 827
Let x(m) = 7*m + 45. Let b be x(-7). Let s(q) = q**3 + 12*q**2 + 6*q + 7. List the prime factors of s(b).
3, 37
Suppose -2*w - 223*k = -227*k - 16014, 3*w - k = 24016. What are the prime factors of w?
5, 1601
Let h(d) = 34*d + 33. Let w be h(7). Let c = w - 197. List the prime factors of c.
2, 37
Suppose 0 = -2*n + 2*w + 3*w + 31, 5*n - 60 = -5*w. Let l(a) = 4*a - 15. Let s be l(n). Suppose s - 532 = -3*h. List the prime factors of h.
3, 5, 11
Suppose 30 = -10*j + 5*j, 3*q = 3*j + 48966. What are the prime factors of q?
2, 4079
Suppose 37*m - 18*m = 131404. What are the prime factors of m?
2, 7, 13, 19
Let x(a) = 1171*a**3 - 8*a**2 + 2*a + 1. List the prime factors of x(2).
9341
Suppose -212508 + 25461 = -17*b + 62037. List the prime factors of b.
2, 3, 11, 37
Let m be (-12)/2 - (-1 + -83). Let i = m + 390. List the prime factors of i.
2, 3, 13
Let s = 301 - 298. Suppose 0*c = -s*c + 2*p + 684, -5*c + 1140 = p. What are the prime factors of c?
2, 3, 19
Suppose 12 = -3*p, 3*p + 2*p = -5*g - 30. Let b(s) = -5*s. Let m be b(g). Suppose 9*l - m*l + 51 = 0. List the prime factors of l.
3, 17
Suppose -58 + 8 = 5*a. List the prime factors of a/1 - -4 - 34*-2.
2, 31
Suppose -9108 = -14*a + 2484. Let b = 2427 - a. What are the prime factors of b?
3, 13, 41
Let y be 0/1 + -2 + 3*23. Let t = 10 - y. List the prime factors of -1 - 3 - -3 - (5 + t).
3, 17
Let l(a) = 3*a - 22. Let p be l(9). Suppose 3*m - p*y = -0*m + 390, -5*m - 3*y = -616. List the prime factors of m.
5
Let j be 0 - -2 - -2 - (1 - 0). Suppose b - 20 = w, -j*b - 3*w = -0*b - 42. Suppose -v = b - 102. What are the prime factors of v?
5, 17
List the prime factors of 1754 + ((-276)/(-23) - 23).
3, 7, 83
List the prime factors of ((-196026)/148)/(3 - (-1305)/(-430)).
43, 883
Suppose -9865 = -7*o + 3*o - 5*d, -d = -5*o + 12353. Suppose 5*l + 4*i - 6105 = 0, 2*l + 41*i - 45*i - o = 0. List the prime factors of l.
5, 7
Let x = 34939 + -24286. List the prime factors of x.
3, 53, 67
